the third derivative of q**5/30 + 5*q**4/24 - q**3/2 + q**2. Let w = 112 - 116. What are the prime factors of t(w)?
3
Let w(l) = 3*l**2 - 6*l + 3. Let b be w(2). Suppose 0 = s + b*s - 12. Suppose -18 = s*i - 6*i. List the prime factors of i.
2, 3
List the prime factors of (137 - 31) + (-5)/(-1).
3, 37
Suppose -5*b = -3*b - 792. What are the prime factors of b?
2, 3, 11
Let a(o) = 2*o**2 + 10*o - 8. Let j(y) = -y**3 - 14*y**2 + 17*y + 24. Let s be j(-15). List the prime factors of a(s).
2
Suppose 0 = 3*k + 4*n - 8649, -14415 = -5*k + 8*n - 12*n. What are the prime factors of k?
3, 31
Suppose 5*a - 22 = r, -2*a = -r - 3 - 7. Let g(p) = -p**3 + 4*p**2 + 4*p + 2. Let x be g(a). Let w = 40 - x. What are the prime factors of w?
2, 11
Let c = -354 + 239. Let w = -78 - c. What are the prime factors of w?
37
Suppose 57 = -4*h + 13. Let a(t) = 2*t**2 + 2 - t**2 - 6*t**2 + 7*t + 0*t + 6*t**2. What are the prime factors of a(h)?
2, 23
Suppose 2 = 4*d + 42. Let k(w) = 21*w - 8. Let y be k(3). Let t = y + d. List the prime factors of t.
3, 5
Suppose 0 = 143*q - 100*q - 228932. List the prime factors of q.
2, 11
Let w = -1006 - -1472. Suppose -1235 = -7*t + 2*t - 4*k, 2*t = 4*k + w. What are the prime factors of t?
3
Suppose 2*y = -j + 3*j - 10, 4*j - y - 5 = 0. Suppose j = 3*c + 2*c - 10. Suppose -4*z = -c*z - 14. List the prime factors of z.
7
Suppose 0 = -3*t - 5*m + 27, 0*t - t - m = -11. Let q = 18 - t. Suppose 125 + 91 = q*h. List the prime factors of h.
2, 3
Let l be (12 + 0)*16/6. Suppose 8 = -4*z + l. Let g(w) = 4*w - 4. List the prime factors of g(z).
2, 5
Suppose 4*n + 115 = 2*o - 3*o, -2*o = -4*n - 130. Let j = 28 - n. What are the prime factors of j?
2, 29
Suppose 4*d - 426 = 2*k + 72, -4*d + 489 = -5*k. Let p = d - 63. What are the prime factors of p?
3, 7
Let z be (-1)/(-4)*(600 + 4). Let g = z + -105. List the prime factors of g.
2, 23
Let i(a) be the first derivative of 2*a**3/3 + 3*a**2/2 - 4*a - 1. Let u be ((-516)/301)/(4/14). List the prime factors of i(u).
2, 5
Suppose 645 = 9*y - 903. What are the prime factors of y?
2, 43
Suppose 0 = -0*h - 3*h. Suppose -5*p + h = -105. List the prime factors of p.
3, 7
Let h(w) = w**3 - 12*w**2 + 3*w - 10. Let x be h(12). Suppose -6*k - x + 80 = 0. What are the prime factors of k?
3
Suppose -8*k + 4575 = -3*k. Suppose -6*i = -2*i - 4*x + 912, -4*i - k = -5*x. List the prime factors of i/(-12) + (-4)/(-16).
19
Let x = -2 + 3. Suppose -n + 1 + x = 0. List the prime factors of n/(-1 + 3)*27.
3
Let y(z) = 5*z**2 - z - 1. Let c be y(-1). Let d be 4 - (c + (-1 - 2)). Suppose -d*n = -9 - 1. What are the prime factors of n?
5
Let i(k) = k + 11. Let h be i(0). Let c = 26 - h. List the prime factors of c.
3, 5
Let y = -782 - -1812. List the prime factors of y.
2, 5, 103
Let o(j) = j**2 - 12*j - 9. Let s be o(11). Let b be (-5)/(s/24) + -3. Suppose -b*c - 132 = -6*c. What are the prime factors of c?
2, 11
Let s be (-86)/(-16) + (-24)/64. Suppose s*z = z + 16. Suppose 4*i - y - 129 - 86 = 0, 58 = i + z*y. List the prime factors of i.
2, 3
Suppose u - 2428 = -3*r, -2*u + 4618 = 4*r - 238. List the prime factors of u.
2, 607
Let y(u) be the second derivative of 0 + 5/6*u**3 + 1/3*u**4 - 3*u**2 - 5*u - 1/20*u**5. What are the prime factors of y(4)?
2, 7
Let i be (-2)/(-9) + (-32868)/(-81). Suppose 4*l = -38 + i. List the prime factors of l.
2, 23
Let b(g) = 958*g**2 - 20*g - 1. List the prime factors of b(-1).
977
Suppose 3*p + 3*y = -12, 7 = -3*y - 2. Let d(g) = 44*g**2. Let k be d(p). Let r = k + -22. List the prime factors of r.
2, 11
Let d(v) = v**2 - v - 8. Let z be d(4). Suppose z*y - 86 = 4*p - 5*p, 2 = p. Suppose w + 2*q - y = 36, 3*q = -4*w + 223. List the prime factors of w.
5, 11
Suppose -194 = -5*v + 281. Suppose 4*b + 5*o = -b - v, 3*b + 2*o = -62. Let g = -10 - b. What are the prime factors of g?
2, 7
Suppose -5*q + 8 + 2 = 0. Let v(b) = -1 + 2*b - q*b + 7*b**2 + b**2. What are the prime factors of v(-2)?
31
Let s(c) = c**3 - 49*c**2 + 17*c + 619. List the prime factors of s(49).
2, 3, 11
List the prime factors of 192852/154 + 4/(-14).
2, 313
Suppose 1653 = -37*b + 29810. List the prime factors of b.
761
Suppose 0 = -5*x - 4*s - 92, 0 = 2*x - 2*s - 5 + 31. List the prime factors of (-3)/(18/x - -1).
2, 3
Let u(y) = 13*y + 65. Let t(w) = 7*w + 33. Let v(i) = 10*t(i) - 6*u(i). List the prime factors of v(-19).
2, 23
Let p = 3413 - 2418. What are the prime factors of p?
5, 199
List the prime factors of -2 + -198*4/(-6) + -1.
3, 43
What are the prime factors of (21/(-4))/(((-3)/12)/1)?
3, 7
Let b be 1 + (-2 + 0 - -2). List the prime factors of 208*b + (-9)/3.
5, 41
Suppose 0 = 25*l - 22*l - 24. What are the prime factors of (2684/l)/11*4?
2, 61
Let f = -21 - -23. What are the prime factors of (1329/6 + f)*8/12?
149
Let g(r) = r + 4. Let t be g(-2). Let m(j) = -2*j**2 + 4*j - 3. Let h be m(t). What are the prime factors of 3/h + -1 - -8?
2, 3
Let y = -100 - -535. What are the prime factors of y?
3, 5, 29
List the prime factors of 40 + -9 + 5 - -2.
2, 19
Let i(h) = -2*h + 2. Let y be i(6). Let q(d) = -d**3 - 9*d**2 + 6*d - 13. Let w be q(y). Let z = w - 18. List the prime factors of z.
3
Suppose -12*w + 1515 = -9*w. Suppose -2*y - 5*n = -6*y + w, 2*y - 249 = -n. List the prime factors of y.
5
Let v be 21/(-14)*(-3 - -1). Let w be 2/(v/((-120)/4)). Let f = w - -65. List the prime factors of f.
3, 5
Suppose 88*i + 6648 = 92*i. What are the prime factors of i?
2, 3, 277
Let x(q) be the first derivative of -q**4/4 - 2*q**3 + 6*q**2 + 9*q + 14. What are the prime factors of x(-8)?
41
Let c = 1864 + -1317. List the prime factors of c.
547
Let z = -608 - -1737. List the prime factors of z.
1129
Let x(m) = 30*m**2 + 13*m - 1. What are the prime factors of x(5)?
2, 11, 37
Let x be 17202/(-7) + 9/21. List the prime factors of ((-2)/6)/(9/x).
7, 13
Suppose -24 - 25 = -7*o. Let r = o - 1. List the prime factors of r.
2, 3
Let w(g) = 5*g**2 - 6*g - 13. Let j(u) = -u**2 + u + 1. Let n(c) = j(c) + w(c). List the prime factors of n(6).
2, 3, 17
Suppose 424 + 152 = 3*n. Suppose -5*j - n = -67. Let w = j - -68. What are the prime factors of w?
43
Let p(y) = y**3 - 9*y**2 + 18*y + 3. Let x be p(6). Suppose -2*f + 3*f + 68 = 2*d, -x*d = f - 97. List the prime factors of d.
3, 11
Suppose 0 = -3*l - 2*c + 645, -5*l - c = -297 - 771. Suppose 157 = 4*y - j - 620, y - 4*j - l = 0. What are the prime factors of y?
193
Let l be 3/(-6)*-10 - 429. Let r = 645 + l. List the prime factors of r.
13, 17
Suppose 0 = -6*l + 40 + 104. Let c = l + -21. Suppose 2*x - 80 = -2*d, -2*x + 96 = x - c*d. What are the prime factors of x?
2, 3
Suppose -27 = z - 4*z. Let c(a) = a - 7. Let t be c(z). Suppose -t*b + 152 = 30. List the prime factors of b.
61
Let b(z) = 10*z**2 + 5*z + 4. Let d be b(-3). Suppose d = 2*v - 7. List the prime factors of v.
43
Suppose -5*t - 3268 = -4*v, -1576 - 910 = -3*v - 5*t. List the prime factors of v.
2, 3, 137
Let s(o) = -o + 2. Let u be s(-1). List the prime factors of (-1298)/33*(0 - (u + 0)).
2, 59
Let x(o) = o**3 - 14*o**2 + 6. Let n be x(14). List the prime factors of (108/30)/(n/20).
2, 3
Let o be 0 - 1/2*-6. Let p(j) = -j**2 + 2*j**2 + 13*j - 2*j + o. List the prime factors of p(-13).
29
Suppose -5*p + 442 + 114 = -3*w, p + 2*w - 119 = 0. Suppose 0*u - u + p = 0. List the prime factors of u.
113
Let k(b) = -b**3 - 12*b**2 - 3*b + 11. Let i = -54 + 42. What are the prime factors of k(i)?
47
Let j be (-148)/(-20) + 2/(-5). Suppose 2*l = -j - 3, 3*l + 63 = -4*k. Let n(u) = -u - 1. What are the prime factors of n(k)?
11
Suppose 0*t + 68 = 4*t. Suppose t*u - 12*u = 240. What are the prime factors of u?
2, 3
Let k(a) = a**2 - 9*a + 5. Let b be k(9). Suppose 0 = -5*h - b*w + 170, 0 = -4*h + h + 2*w + 97. List the prime factors of h.
3, 11
Let b(j) = 5*j**2 + 5*j - 73. Let g(y) = -2*y**2 - 3*y + 37. Let z(n) = 3*b(n) + 7*g(n). List the prime factors of z(0).
2, 5
Let w = 100 + 175. List the prime factors of w.
5, 11
Let p(i) = i**3 + 8*i**2 + 10*i - 7. Let m be p(-6). Let b(s) = 21*s + 10. What are the prime factors of b(m)?
5, 23
Let z = 307 - -165. Suppose 0*b + 4*b = 4*n - z, -4*n + 436 = 5*b. What are the prime factors of n?
2, 3, 19
Let q(h) = h**3 + h - 4. Let f be q(2). What are the prime factors of f*-1*((-4